osite?
False
Is 3081394549 prime?
True
Is 1547720143 a prime number?
True
Is 1144893745 prime?
False
Is 20622668854 a composite number?
True
Is 58005915973 a prime number?
False
Is 70336104911 composite?
False
Is 18699887597 a prime number?
True
Is 551842881 composite?
True
Is 22400720665 a composite number?
True
Is 38770569241 a prime number?
True
Is 24096644651 prime?
True
Is 4778697167 prime?
False
Is 2406190673 composite?
False
Is 14539266527 composite?
False
Is 136363126495 a composite number?
True
Is 72696917 prime?
True
Is 64369223 a prime number?
True
Is 14280217603 a composite number?
True
Is 10680724819 a prime number?
True
Is 89586272621 prime?
True
Is 226547513 a prime number?
True
Is 11718182141 a composite number?
True
Is 1343730013 a composite number?
False
Is 41449938697 composite?
False
Is 33246633047 prime?
False
Is 73918798 a prime number?
False
Is 1685973295 a composite number?
True
Is 13814996651 composite?
False
Is 15885113539 composite?
True
Is 4994225011 a prime number?
False
Is 256909343 composite?
True
Is 37091174051 prime?
True
Is 11105602069 a prime number?
False
Is 14202771119 a composite number?
False
Is 105467590829 a prime number?
True
Is 863474539 composite?
False
Is 22998656231 composite?
False
Is 4040369309 a composite number?
False
Is 1827512923 prime?
False
Is 48097773727 prime?
True
Is 2428220399 prime?
False
Is 3636102553 composite?
False
Is 3679524187 a composite number?
True
Is 317609867 a prime number?
False
Is 8370751561 prime?
False
Is 1097154599 a prime number?
False
Is 65015843407 composite?
False
Is 97860539767 a composite number?
False
Is 1599251629 a prime number?
False
Is 402789541151 prime?
True
Is 31229902469 a composite number?
False
Is 26092533781 a prime number?
True
Is 1043842817 a composite number?
False
Is 10153153997 prime?
False
Is 1036362031 a prime number?
False
Is 687747889 a composite number?
True
Is 22906843571 a composite number?
False
Is 38278313449 a prime number?
False
Is 85575261 a prime number?
False
Is 17263723027 prime?
False
Is 54980250631 prime?
True
Is 11032655741 a prime number?
True
Is 27687321071 a prime number?
True
Is 5740853 a prime number?
True
Is 88162096391 prime?
False
Is 2389339033 a composite number?
False
Is 5548215709 prime?
True
Is 8934227233 a prime number?
False
Is 23159857207 prime?
False
Is 1277135813 a composite number?
False
Is 8130757629 composite?
True
Is 858736513 a composite number?
True
Is 6434916395 a composite number?
True
Is 945025243 prime?
False
Is 17544940135 a composite number?
True
Is 311968499 composite?
False
Is 9680629853 prime?
True
Is 6636731911 a composite number?
False
Is 1776725381 a prime number?
True
Is 11328569011 a prime number?
True
Is 1711813426 a composite number?
True
Is 16779293057 composite?
False
Is 46698937 a composite number?
True
Is 3638215159 prime?
False
Is 1827848119 composite?
False
Is 18402965129 a prime number?
True
Is 1397559731 composite?
False
Is 15989995687 a composite number?
False
Is 32765929919 a prime number?
True
Is 125386054091 a prime number?
True
Is 1682889557 a composite number?
False
Is 9487792187 a prime number?
True
Is 11506242731 prime?
True
Is 180986855891 a composite number?
False
Is 20227953097 prime?
False
Is 16150927349 a composite number?
False
Is 21490072559 a prime number?
False
Is 5810822653 prime?
True
Is 6236590627 a composite number?
False
Is 1302585913 prime?
True
Is 36016607629 a composite number?
True
Is 1156141211 a prime number?
False
Is 2072450381 a prime number?
True
Is 3405859181 a composite number?
False
Is 209390767 a prime number?
True
Is 90236268541 composite?
False
Is 127716181 a prime number?
True
Is 1149113923 composite?
False
Is 44904421607 composite?
True
Is 132296029 composite?
False
Is 40005000449 a prime number?
False
Is 7751770933 a composite number?
False
Is 5228449283 composite?
True
Is 22613372063 a prime number?
False
Is 17352441721 a composite number?
False
Is 1023468529 a prime number?
False
Is 2658406843 a prime number?
True
Is 1237690019 prime?
True
Is 203736449711 a composite number?
True
Is 454047719 a prime number?
True
Is 699099887 prime?
True
Is 267135107 prime?
True
Is 3420256313 composite?
True
Is 63157656571 a prime number?
True
Is 551644607 composite?
False
Is 670971971 composite?
False
Is 10490329979 composite?
False
Is 18824499607 a composite number?
True
Is 32030397109 composite?
False
Is 1796290997 a composite number?
True
Is 199470119 prime?
False
Is 733147169 a composite number?
False
Is 621026123 a composite number?
True
Is 2476745137 prime?
True
Is 6405017039 prime?
True
Is 254679707 a composite number?
True
Is 3468938059 a composite number?
False
Is 486334679 a composite number?
True
Is 63856596283 prime?
True
Is 544847323 a prime number?
False
Is 292531969 a composite number?
False
Is 24600281989 a composite number?
False
Is 15593286547 prime?
True
Is 3556590743 a prime number?
True
Is 2293050167 a prime number?
False
Is 4770840379 prime?
True
Is 159000743 a composite number?
True
Is 112190442341 a prime number?
True
Is 60934027345 composite?
True
Is 4491394217 composite?
True
Is 2778988643 a prime number?
True
Is 50203781 a composite number?
True
Is 10070227 a prime number?
True
Is 2600879431 a prime number?
True
Is 1900122877 a composite number?
False
Is 11758661 composite?
False
Is 34318372553 a composite number?
True
Is 113366051 a composite number?
True
Is 30982956131 a prime number?
True
Is 28478677233 a composite number?
True
Is 850490761 a composite number?
False
Is 1855661153 composite?
False
Is 11181548657 prime?
False
Is 23670135847 prime?
False
Is 3823137011 prime?
True
Is 47194198621 a prime number?
True
Is 535827391 a composite number?
True
Is 253605121981 a composite number?
True
Is 120533083421 a composite number?
False
Is 15407335367 a composite number?
False
Is 303765986587 prime?
False
Is 119850258911 prime?
True
Is 3739842911 prime?
False
Is 14501031653 a composite number?
False
Is 36995305229 a composite number?
False
Is 22645461869 a composite number?
True
Is 525399621 prime?
False
Is 278901659 composite?
True
Is 23759558607 prime?
False
Is 43434127021 a composite number?
False
Is 75939958999 prime?
False
Is 653495323 composite?
True
Is 2085247357 prime?
False
Is 8331722681 a composite number?
False
Is 2806052443 composite?
False
Is 2704782503 prime?
False
Is 27296143801 composite?
False
Is 9978212171 a prime number?
False
Is 2567128633 a composite number?
True
Is 6847004981 a composite number?
False
Is 94362128639 a prime number?
True
Is 6110137753 a prime number?
False
Is 62139989 a composite number?
False
Is 3170732507 a prime number?
True
Is 1746465949 prime?
True
Is 402982451 composite?
True
Is 305588579 a prime number?
False
Is 21446258063 a composite number?
True
Is 810541261 prime?
False
Is 20980648657 composite?
False
Is 8397858769 composite?
True
Is 208180031 a composite number?
False
Is 6575693063 a prime number?
True
Is 891684803 a composite number?
False
Is 5037573923 prime?
False
Is 2000302943 prime?
False
Is 254470421 prime?
True
Is 30639577519 prime?
False
Is 1143216229 composite?
False
Is 1985199841 composite?
True
Is 141174088909 a prime number?
False
Is 170861753393 a composite number?
False
Is 2246483999 composite?
False
Is 389182367594 a composite number?
True
Is 9606282715 prime?
False
Is 58698851363 a composite number?
False
Is 1127622451 a prime number?
True
Is 42360045778 composite?
True
Is 11073976153 composite?
False
Is 98696529681 a composite number?
True
Is 1945777229 a prime number?
False
Is 4227486899 prime?
False
Is 63284689927 composite?
True
Is 412402511 a prime number?
True
Is 17199703 composite?
False
Is 2614967447 a composite number?
True
Is 13372405487 a composite number?
True
Is 5473890161 prime?
True
Is 2311971027 prime?
False
Is 81933343979 prime?
True
Is 30082371461 prime?
False
Is 85480859 composite?
True
Is 494779297 prime?
True
Is 562367321 composite?
False
Is 601082269 prime?
True
Is 12269678803 a composite number?
False
Is 179551057 a prime number?
False
Is 2521893739 a prime number?
False
Is 1694843597 composite?
False
Is 2559916643 a prime number?
True
Is 138595609 composite?
True
Is 21299955671 a prime number?
True
Is 6437194277 a composite number?
False
Is